p - 54. Suppose 5*y + 330 = 2*g + 336, 0 = -5*y - 10. Give l(g).
2
Let q = 2 - 4. Let l(z) = 2. Suppose 4*i + 3*g = 54, 3*i + 5*g = -i + 58. Let f(n) = -4*n - 26. Let a(h) = i*l(h) + f(h). Calculate a(q).
6
Let u(k) = 606*k**2 + 9 - 630*k**2 - 7*k + 6*k - 3. Give u(2).
-92
Let l(j) = -j**2 + 6*j. Suppose 4*f - 440 = -7*f. Suppose -5*n + 214 = y + f, -5*n - 5*y = -170. Let i be (n/(-7))/(1 - (2 + 0)). What is l(i)?
5
Suppose s - 3*v = -6 - 7, 2*s - 4*v = -16. Let h(q) = -5*q + 82*q**2 - 5 - 40*q**s - 43*q**2. Give h(-6).
-11
Let i(f) = -f + 1. Let y(p) = -4*p. Let m(a) = -10*i(a) + y(a). Determine m(5).
20
Let b(d) be the third derivative of -d**5/60 + d**4/6 + 23*d**3/6 - 3476*d**2. What is b(-3)?
2
Let k be (-298816)/(-49) - 4/14. Let x(f) = -f - 6098 + k + 2*f**2. Give x(1).
1
Let m(y) = -y**3 - 10*y**2 + 38*y - 6. Let j be m(-13). Let b(a) = 12*a + j*a + 14954 - 14951. Give b(-2).
-35
Let y be (-30)/18*(0 - (-4)/(-20)). Let u(n) be the third derivative of 0 - 6*n**2 + y*n**3 + 1/24*n**4 + 0*n. What is u(-5)?
-3
Let a = -8355 - -8362. Let m(g) = 11*g - 27. Give m(a).
50
Let v be (-168)/(-70) - 57/(-95). Let w(o) be the third derivative of o**5/60 - 5*o**4/24 + o**3/3 - o**2. Calculate w(v).
-4
Let s(o) = 7*o - 11. Let l(k) = -3*k**2 + 267*k - 281. Let r be l(88). Give s(r).
-130
Let d(j) = -2*j**3 - 2*j**2 + j + 2. Let r(l) = -57*l**2. Let h be r(-1). Let g = 6497 - 6552. Let q = h - g. Give d(q).
8
Let k(q) = -q - 11. Suppose 5*y + 268 = 2*a, -y - 2*y + 2*a = 160. Let c = y + 46. Give k(c).
-3
Let r(t) = -10*t + 0 + 3 + 9*t + 0. Suppose -4*q = 3*z - 141, -2*z + q + 94 = 3*q. Let d = z + -42. Give r(d).
-2
Let o(x) be the first derivative of 61 - 5/2*x**2 - 2*x. Let m = -3 + -3. What is o(m)?
28
Suppose -9*h = -48*h + 234. Let t(x) be the second derivative of h*x + 0*x**2 + 1/2*x**3 + 0. What is t(1)?
3
Let o(u) be the second derivative of 7/6*u**3 + 0 + 42*u - 1/24*u**4 - 16*u**2. Let x(l) be the first derivative of o(l). Determine x(-6).
13
Let l be ((-1)/(((-72)/(-27))/8))/(15/(-20)). Let v(c) be the first derivative of c**2 - 30 + 2*c + 1/4*c**l + c**3. Calculate v(-3).
-4
Let b(q) = 5*q**2 - 4*q + 3. Let h = 225 - -34. Let k = h - 257. Determine b(k).
15
Let b be -1 - 44/(-2)*(-221)/(-26). Let f = 185 - b. Let x(j) = j**2. Calculate x(f).
1
Suppose -7 = 15*g + 2*m + 102, 26 = -4*g + m. Let o(v) = v**3 - v**2 - 55*v + 12. Calculate o(g).
5
Let j(d) be the first derivative of d**4/4 - d**3/3 - 11*d - 1572. Determine j(0).
-11
Let j(v) be the first derivative of v**2/2 + 4*v - 1. Let l(p) = 2*p + 82. Let o be l(-29). Suppose 22*y + 8 = o*y. Give j(y).
8
Let j = 3 - 3. Let o(r) = -5*r**3 - 7*r**2 + 6*r - 82. Let i(s) = -s**3 - s**2 + s - 14. Let b(p) = -6*i(p) + o(p). Determine b(j).
2
Let d(k) = -6 - 299*k**3 - 16*k**2 - 307*k**3 + 11*k + 5*k + 605*k**3. Give d(-17).
11
Let a(k) = 1. Let c(n) = n + 9. Suppose 2*t = -t + 9. Let y(v) = -v**3 + 3*v**2 - 1. Let o be y(t). Let b(f) = o*c(f) + 3*a(f). Calculate b(-3).
-3
Let k(s) = s**3 - 6*s**2 - s + 8. Let j = 139 - 130. Suppose 21*z = j*z + 60. Suppose t - z*t + 9 = -5*d, 2*t + 2*d = 18. Determine k(t).
2
Let j = -3 - 0. Let o(b) be the first derivative of b**3/3 + 3*b**2/2 - b - 478. Determine o(j).
-1
Let k = -5/456 + 27/152. Let v(w) be the second derivative of -k*w**3 + 0 + 15*w + 5/2*w**2. Give v(-6).
11
Let v(d) = -2*d + 11*d**2 + 4*d - d - 2*d**3 - 1 - 12*d**2 - 2*d. Give v(-2).
13
Let d(o) = -o**3 + 8*o**2 + 8*o - 24. Suppose 5*i - 8 = -a, -8 = -a - 394*i + 395*i. Determine d(a).
40
Let a(x) = -2*x**2 + 9*x + x - 3 + 2 - 17*x. Let t(y) = y**3 + 4*y**2 + 2*y - 1. Let k be t(-3). Suppose 5 + 5 = -k*q. Determine a(q).
-16
Let j(o) = 55 - 60*o + 86*o + 15*o - 51*o. Give j(10).
-45
Let w(x) = x - 12. Let t(r) = 7. Let g(z) = -t(z) + w(z). Calculate g(0).
-19
Let y(k) = -k**2 + 12*k + 99. Let s be y(18). Let h(d) = d**3 + 9*d**2 + 15. Determine h(s).
15
Let a = 1736 + -1740. Let d(t) be the first derivative of t**4/4 + 5*t**3/3 + 5*t**2/2 - t - 12. Determine d(a).
-5
Let j(g) be the third derivative of -g**4/24 - 7*g**3/6 - g**2. Let i(l) = -24*l + l + 11*l - 357 - l. Let m be i(-28). Calculate j(m).
-14
Let a(m) = -3*m + 5. Let p(h) = -4*h + 4. Let y(u) = -u**2 - 19*u - 51. Let r be y(-16). Let f(v) = r*a(v) + 2*p(v). Determine f(5).
-2
Let d(m) = -13 + 0*m - 6*m - 3*m + 9*m - 3*m + 2*m**2. Calculate d(3).
-4
Let u(z) be the third derivative of 0*z + 0 - 132*z**2 - 1/2*z**3 + 1/3*z**4. Calculate u(4).
29
Let j(d) = d**2 + 31*d + 207. Suppose 0 = -3*b + 13 + 5, 0 = 5*p + 5*b + 75. Give j(p).
-3
Let p(w) = -w**3 + w**2 + w + 4. Let c(s) = 17*s**3 - 5*s**2 - 19. Let z(o) = 2*o**3 + o. Let m(g) = -c(g) + 6*z(g). Let t(l) = 2*m(l) - 11*p(l). Give t(0).
-6
Let s(t) = -4*t**3 + 1469*t - 1460*t + 3*t**3 - 7*t**2 + 8. What is s(-8)?
0
Let t(o) = -5*o - 112*o - 4 - 3*o**2 + 123*o. What is t(3)?
-13
Let q(s) = 2*s**2 + 29*s - 22. Suppose 3*l = 2*x - 3 + 33, -2*x = -4*l + 30. What is q(x)?
-7
Let j(r) = -5*r + 76. Let h be 30/(-9)*4/10*105/(-10). Calculate j(h).
6
Let t(r) = -5*r + 2. Let k = -26614 - -26615. Give t(k).
-3
Let c(k) = -127*k + 18. Let p(d) = 178*d - 26. Let o(j) = 7*c(j) + 5*p(j). What is o(1)?
-3
Let p(h) = -h**2 - 2*h + 8. Suppose -2*o = l - 77, 2*o + 5*l - 57 = -0*o. Let w = o + -57. Let d be 2 + -12 + w/(-4). Give p(d).
-16
Let c(o) = o**2 - 49*o - 569. Let u be c(-10). Let b(v) = -3*v + 78. Determine b(u).
15
Let i(z) = z**3 + 8*z**2 + 5*z - 14. Let u(s) = -47*s + 227. Let p be u(5). Give i(p).
-54
Let g(x) = -x - 18. Let c = -43 + 47. Suppose -5 - 3 = 3*n - 2*u, 0 = c*u - 16. What is g(n)?
-18
Let h(o) = -47 + 120*o - 16*o**3 + 39*o**3 - 12*o**2 - 11*o**3 - 105*o - 11*o**3. Give h(11).
-3
Suppose -252*r + 42*r + 14 = 14. Let o(f) = f**3 + 2*f**2 - 14. Calculate o(r).
-14
Suppose -4*a = -m + 48, -16 = 23*a - 19*a. Let n(q) = -2*q**2 + 61*q + 96. What is n(m)?
0
Let x = 25 + -18. Suppose -3*k + x*k = z + 45, 0 = 2*k - 2*z - 24. Let r(s) = s**2 - 11*s + 3. Let n be r(k). Let d(y) = -y**3 + 4*y**2 + 3*y - 3. What is d(n)?
15
Let q(h) = -802515 + 10*h + 802555 - h**3 + 32*h - 40*h**2. Determine q(-41).
-1
Suppose k + 5*c = 30, -4*k + c = 3 - 18. Suppose 0 = k*v - 44 - 141. Let h(s) = v*s - 84*s + 48*s - 1. Determine h(7).
6
Let i(x) = -x**3 - 12*x**2 - 43*x - 10. Let q be i(-6). Suppose 6 + 2 = -2*z - 2*p, 4*z + q = 4*p. Let w(d) = -d + 2 - 3 - 1. Give w(z).
4
Let j(o) be the third derivative of o**4/24 - o**3/6 - o**2. Let d = 397 + -645. Let l = d - -242. Give j(l).
-7
Let t be (28/84)/((-8 - -3) + (-2328)/(-468)). Let u(f) = f**2 + 4*f - 5. Calculate u(t).
112
Let v(b) be the first derivative of -b**4/4 + 10*b**3/3 - b**2 + 14*b + 1. Suppose 1611 = 75*u + 861. Calculate v(u).
-6
Let f(q) = q - 7. Suppose -11 = 3*v + 10. Let s be 2*v/(7/(-2)). Suppose -m - g - 34 = -6*m, -16 = s*g. Give f(m).
-1
Let d(c) = 0*c + c + 170 - 82 - 79. Calculate d(-2).
7
Let g(a) be the third derivative of a**6/180 - a**5/120 + 239*a**3/6 - 296*a**2. Let x(i) be the first derivative of g(i). Calculate x(2).
6
Let l(n) be the first derivative of n**3/3 + 23*n**2/2 - 53*n - 9. Let m be l(-25). Let a be 2/m*12/8. Let h(u) = 6*u**3 + u**2 + u + 1. Determine h(a).
-5
Let u be ((-132)/30)/((-4)/10). Let o(p) = 2*p - 24. Give o(u).
-2
Let l = -1 + 3. Let t(y) = 5*y**2 - 4*y + 2. Let x(p) = -7*p**2 + 5*p - 2. Let u(n) = 3*t(n) + 2*x(n). Calculate u(l).
2
Let w be 111/(-27) + 16/36 + (-8)/(-2). Let p(l) be the first derivative of -25 + 0*l + 5/2*l**2 - w*l**3. Determine p(6).
-6
Let u(n) = -2*n + 30. Suppose -5*r + 4*h = -67, 0 = 263*r - 264*r + 4*h + 23. What is u(r)?
8
Let a(r) = r**2 - 2*r + 5. Let y = -2526 + 2532. What is a(y)?
29
Let p(y) = y**2 + y + 1. Let u(x) be the third derivative of -x**5/60 - x**4/12 + 65*x**2. Let l(c) = 3*p(c) + 2*u(c). Give l(-4).
23
Let f(i) be the third derivative of -1/8*i**4 + 2*i**2 + 0 + 0*i + 1/3*i**3. Let c be 4/(-42) + 19519/2751. Calculate f(c).
-19
Let h(c) = 2*c - 4. Suppose -5*d + 90 = -11*d. Let p be 10/d - (53/(-3) + -2). Suppose -12*i + 17 + p = 0. Calculate h(i).
2
Let m(h) be the first derivative of -h**4/4 + 10*h**3/3 + 12*h**2 - 7*h - 289. Give m(12).
-7
Let d be (-2)/1 - (-2 - -4). Let w(o) = -11 + 8 - 3 + 4 + 8 - 17*o**3. Let s(q) = -16*q**3 + 5. Let b(